= -242 + 98. What is the tens digit of c?
2
Let t = 22 + -22. Suppose l + z = -3*l + 265, 2*l + 5*z - 137 = t. What is the units digit of l?
6
Let a(m) = -m**2 + 28*m + 54. What is the tens digit of a(24)?
5
Suppose -9*n + 16 = -13*n. What is the tens digit of 178 - 5 - (-8 - n)?
7
What is the thousands digit of ((-1)/(-4))/(4 - (-80847)/(-20212))?
5
Let f(o) be the first derivative of 7*o**4/24 + o**3/3 + o**2/2 + 3. Let c(m) be the second derivative of f(m). What is the tens digit of c(6)?
4
Suppose 4*g = -5*r + 3214, 0 = -4*r + 11*g - 9*g + 2566. What is the units digit of r?
2
Suppose -5*j + 67 = -478. Let s = -44 + j. What is the units digit of s?
5
Let f = -41 - -45. Let m(l) = 4*l - 7. What is the units digit of m(f)?
9
What is the tens digit of (198/24)/(-33) + 10165/4?
4
Let l = 151 - 85. Suppose 6*c = 4*c + l. What is the tens digit of c?
3
Let y = 3 - -63. Let q be y/(((-9)/2)/(-3)). Let h = q + -28. What is the units digit of h?
6
Let i be (3 - 0)*-1 - -5. Suppose -i*o - 1 - 3 = 4*x, -3*o + 4 = x. Suppose -o*h + 9*z = 4*z - 38, 0 = 4*h + z - 120. What is the tens digit of h?
2
Suppose 2*t - n - 1246 = 0, -2*t - 3*n - 54 = -1308. What is the hundreds digit of t?
6
Suppose -4*j + 56 = -0. Suppose 4 = n - j. Suppose 0 = k - 0*k + 3*l - 12, -3*l - n = -k. What is the units digit of k?
5
Let u(r) be the third derivative of -9*r**4/8 + r**3/2 - 8*r**2. What is the tens digit of u(-1)?
3
Let m = 1261 - 586. What is the hundreds digit of m?
6
Let q(g) = -4*g**2 + 3*g. Suppose -3*a - 6*t = -2*t + 14, 2*a = -t - 1. Let c be q(a). What is the units digit of ((-76)/20)/(2/c)?
9
Suppose 4*l + 33 = 33. Suppose l = 2*c + 3*y - 46, -5*y + y = c - 33. What is the tens digit of c?
1
Let k = -18 + 13. Let q(p) = -35*p - 39. What is the tens digit of q(k)?
3
Suppose 5*l + h + 72 = -136, 114 = -3*l + 3*h. Let a = l - -116. Suppose 4*q + a = 4*c + 339, -q = 3*c - 78. What is the tens digit of q?
6
Let d(i) be the third derivative of 5*i**4/6 - 4*i**3/3 + 7*i**2. Suppose 19 = 10*n - 11. What is the units digit of d(n)?
2
Let z = -39 - -23. Let v = z - -23. Suppose -i = -v - 10. What is the units digit of i?
7
What is the units digit of 1*-718*(805/14)/(-23)?
5
Suppose -8*p + 8827 = 5*p. What is the tens digit of p?
7
Suppose 2*g - 4*j = 0, -g - 3*j - 20 = -0*g. What is the tens digit of (-999)/(-36)*g/(-6)?
3
Suppose 13 - 7 = 3*p. Suppose 4*b - 2*v = -0*v + 674, -340 = -p*b - 2*v. What is the tens digit of b?
6
Let d(s) = -s**2 + 8*s - 4. Let j be d(7). Suppose -j*l - 295 + 847 = 4*v, 5*v - 920 = -5*l. What is the tens digit of l?
8
Let c be (-2 - 1) + (2 - 0). Let f(k) = 36*k**3 + 2*k**2 + k. Let w be f(c). Let y = w - -67. What is the units digit of y?
2
Suppose 4*d = -39 + 23. What is the tens digit of (4 - (0 - d)) + 39?
3
Suppose 9*x - 8*x - 51 = 0. Let z(y) = y**2 + 6. Let p be z(-5). Let m = x - p. What is the units digit of m?
0
What is the thousands digit of (-54)/(-486) + 17396/9?
1
Let o(r) = 4*r - 7. Let w(x) = x + 1. Let f(g) = -o(g) + 5*w(g). What is the units digit of f(15)?
7
Let w(m) = 33*m + 146. What is the units digit of w(18)?
0
Suppose 0 = -14*x + 7*x + 1624. What is the tens digit of x?
3
Let d = 9 - -11. Let x be ((-24)/d)/((-9)/30). Suppose -q = -x*q + 63. What is the units digit of q?
1
Suppose 2*i - 20 = -3*o, -3*i = -2*o - i + 20. Suppose 0 = -o*k + 2*k + 300. What is the tens digit of k?
5
Let w be 17/(-3) - 2/6. Let y be (0 + 4 + w)*-2. Suppose -v - y*v + 110 = -3*b, -v - 4*b = -22. What is the units digit of v?
2
Let q = -64 - -288. What is the hundreds digit of q?
2
Let z = 57 - 61. What is the tens digit of -6 + (-212)/(-12) + z/6?
1
Suppose -5*h - 20 = 5, -d = -h - 5. Suppose d = p + 5*x - 99, 5*p - 3*x + 6*x - 429 = 0. Suppose 4*u = 5*q + p, 2*u - 62 = -q - 6. What is the units digit of u?
6
Suppose 0 = -9*b + 2499 + 5493. What is the tens digit of b?
8
Let v(d) = 7*d**2 - 79*d - 40. What is the tens digit of v(20)?
8
Suppose -16*n - 2*s + 1078 = -13*n, -4*n = s - 1429. What is the tens digit of n?
5
Suppose -3*m - 282 = -6*m. Suppose n + 2 - 31 = -3*l, 2*l + m = 5*n. Suppose w - 96 = -5*u, -3*u + w - n = -4*u. What is the units digit of u?
9
Let m(u) = 2*u**2 - 15*u - 43. Let v be m(-10). Suppose q - 3*r = 109, 3*q + 4*r = 9*r + v. What is the tens digit of q?
9
Let g = -114 + 1206. What is the tens digit of g?
9
Let o(f) = f**3 - 3*f**2 - 5*f + 6. Let w be o(4). Suppose 0*x - i - 16 = -2*x, -5*i = w*x - 4. What is the tens digit of (-24)/(-84) - (-138)/x?
2
Let k = -63 - -70. Let d(l) = -1. Let h(u) = u**2 - 5*u - 6. Let n(j) = 2*d(j) + h(j). What is the units digit of n(k)?
6
Suppose -16*p = -11*p - 9615. What is the units digit of 2/12 - p/(-18)?
7
Let n(y) = -3*y**2 - 4*y + 1. Let m be -7 - (-3)/(-1)*-1. Let b be n(m). Let v = -12 - b. What is the tens digit of v?
1
Let l(h) be the first derivative of 14*h**3/3 - 7*h**2/2 + 4*h + 25. What is the tens digit of l(3)?
0
Suppose 5*w + 259 + 197 = -2*m, -5*w + 4*m - 468 = 0. Let a = w + 145. What is the units digit of a?
3
Suppose 3*z + 285 = 2808. What is the units digit of z?
1
Let a(h) = h**2 - 3*h - 5. Let n be a(4). Let u(o) = 74*o**2 - 3*o - 2. What is the units digit of u(n)?
5
Let g(h) = 2*h**3 - 13*h**2 - 6*h - 5. Let x be g(7). What is the tens digit of (-3 - 168/(-3)) + x?
5
Let y = 278 + -80. What is the tens digit of y?
9
Let i(d) = 9*d + 49. Let l(x) = -14*x - 74. Let v(y) = 7*i(y) + 5*l(y). What is the units digit of v(-7)?
2
Let n be (1 - 0)*(1 - 1). Suppose n = -2*z - 1 - 5. Let y = z + 6. What is the units digit of y?
3
Suppose 13023 = -326*y + 335*y. What is the hundreds digit of y?
4
What is the hundreds digit of 12/(-8) + (-1 - (-405)/2)?
2
Let b(k) = k - 1. Let v be b(6). Suppose v*u - 17 = -3*x, -u + 4*x + 12 = u. Suppose 5*t - 12 = u*t. What is the tens digit of t?
1
Suppose s + 4*s = 15. Suppose -5*z + 41 = s*l - 43, -5*l + 112 = -z. Suppose -1 = -4*h + l. What is the units digit of h?
6
Suppose -65 = -k + 4. Let r = k + -13. What is the units digit of r?
6
Let z(g) = -g**3 - 2*g**2 + 23*g + 45. What is the units digit of z(-9)?
5
Suppose -q - 6 = -11, -q + 1071 = 2*r. What is the units digit of r?
3
Let l(h) = 3*h**2 - 12*h + 14. What is the units digit of l(3)?
5
Let a be 36/10*(0 + 5). Suppose 0 = a*d - 853 - 2243. What is the units digit of d?
2
Suppose -12*k + 234 = -366. What is the units digit of k?
0
Suppose 5*k + 50 = -5*k. Let m(j) = j**2 - 9*j + 17. What is the units digit of m(k)?
7
Suppose 3*u - 5*q = 21 + 16, 5*q + 21 = -u. Suppose -120 - 30 = -3*h. Suppose -u*a = -2*a - h. What is the units digit of a?
5
Let p(t) be the second derivative of 16*t**3/3 - 11*t**2 + 28*t. What is the units digit of p(4)?
6
Let m(z) = -z**3 - 7*z**2 + 6*z + 252. What is the thousands digit of m(-17)?
3
Suppose 8*z - 7*z - 6 = 0. Suppose -5*g - 4*u + 26 = 0, -4*g = 4*u - 8 - 12. What is the units digit of (-3)/g + 51/z?
8
Let l(j) = -j**2 - 8*j + 6. Let g be l(-8). Suppose 3*b = -4*i - g - 4, 0 = b + 2*i + 6. Let o = 4 - b. What is the units digit of o?
2
Let k(c) = 3*c - 4*c + 7 - 7*c**3 + 5*c**3 - 4*c**2. Suppose 5*j + 11 = 3*h, 0*h + 4*j = -2*h - 22. What is the tens digit of k(h)?
2
Suppose 0*q = 3*q - 9. Suppose -2*x - 2 + 10 = -q*z, -5*z = -4*x + 18. What is the units digit of ((-90)/(-35))/(1/x)?
8
Let k(o) = -o**3 + 8*o**2 + 3*o - 3. Let a be k(9). Let f = 73 + a. What is the tens digit of f?
1
Let t = 40 - 37. Suppose t*r - 5*r + 18 = 0. What is the units digit of r?
9
Suppose -196 = 8*l + 172. Let u = l - -265. What is the units digit of u?
9
Let b(p) = p**3 + 7*p**2 - 4*p + 3. Let q be b(-8). Let h = q + 31. Suppose -185 = -3*m - h*m. What is the units digit of m?
7
Suppose 0 = -5*a - 1 - 4. Let h(r) = 9*r**2 + 1. Let x be h(a). Suppose -2*l - 3*l - x = 3*b, 0 = 2*b + l - 5. What is the units digit of b?
5
Suppose 3*y - 5 = 22. Let g be 105/(-9) + (-3)/y. What is the units digit of 43 + 2/(8/g)?
0
Suppose 3*d = g + 2*g - 42, 4*g + 3*d - 77 = 0. Let i = 5 + -5. Suppose i*v + v - g = 0. What is the tens digit of v?
1
What is the units digit of -10 + 12 + 0 + 0 + 677?
9
Suppose 5*c + y + y = 6258, -2505 = -2*c + y. What is the tens digit of c?
5
Let f(j) = 2*j**3 - 4*j**2 + 2*j - 1. Let b be f(3). Suppose 3*h - b = o + 3*o, -o + 7 = -5*h. W